Oct 07 13:02:52.272823 np94adfdd788ed4 neutron-periodic-workers[95212]: DEBUG cotyledon.oslo_config_glue [-] privsep_namespace.capabilities = [21] {{(pid=95212) log_opt_values /opt/stack/data/venv/lib/python3.12/site-packages/oslo_config/cfg.py:2824}}
Oct 07 13:02:52.272823 np94adfdd788ed4 neutron-periodic-workers[95212]: DEBUG cotyledon.oslo_config_glue [-] privsep_namespace.group = None {{(pid=95212) log_opt_values /opt/stack/data/venv/lib/python3.12/site-packages/oslo_config/cfg.py:2824}}
Oct 07 13:02:52.272823 np94adfdd788ed4 neutron-periodic-workers[95212]: DEBUG cotyledon.oslo_config_glue [-] privsep_namespace.helper_command = None {{(pid=95212) log_opt_values /opt/stack/data/venv/lib/python3.12/site-packages/oslo_config/cfg.py:2824}}
Oct 07 13:02:52.272823 np94adfdd788ed4 neutron-periodic-workers[95212]: DEBUG cotyledon.oslo_config_glue [-] privsep_namespace.log_daemon_traceback = False {{(pid=95212) log_opt_values /opt/stack/data/venv/lib/python3.12/site-packages/oslo_config/cfg.py:2824}}
Oct 07 13:02:52.272823 np94adfdd788ed4 neutron-periodic-workers[95212]: DEBUG cotyledon.oslo_config_glue [-] privsep_namespace.logger_name = oslo_privsep.daemon {{(pid=95212) log_opt_values /opt/stack/data/venv/lib/python3.12/site-packages/oslo_config/cfg.py:2824}}
Oct 07 13:02:52.273290 np94adfdd788ed4 neutron-periodic-workers[95212]: DEBUG cotyledon.oslo_config_glue [-] privsep_namespace.thread_pool_size = 8 {{(pid=95212) log_opt_values /opt/stack/data/venv/lib/python3.12/site-packages/oslo_config/cfg.py:2824}}
Oct 07 13:02:52.273290 np94adfdd788ed4 neutron-periodic-workers[95212]: DEBUG cotyledon.oslo_config_glue [-] privsep_namespace.user = None {{(pid=95212) log_opt_values /opt/stack/data/venv/lib/python3.12/site-packages/oslo_config/cfg.py:2824}}
Oct 07 13:02:52.273290 np94adfdd788ed4 neutron-periodic-workers[95212]: DEBUG cotyledon.oslo_config_glue [-] privsep_conntrack.capabilities = [12] {{(pid=95212) log_opt_values /opt/stack/data/venv/lib/python3.12/site-packages/oslo_config/cfg.py:2824}}
Oct 07 13:02:52.273290 np94adfdd788ed4 neutron-periodic-workers[95212]: DEBUG cotyledon.oslo_config_glue [-] privsep_conntrack.group = None {{(pid=95212) log_opt_values /opt/stack/data/venv/lib/python3.12/site-packages/oslo_config/cfg.py:2824}}
Oct 07 13:02:52.273290 np94adfdd788ed4 neutron-periodic-workers[95212]: DEBUG cotyledon.oslo_config_glue [-] privsep_conntrack.helper_command = None {{(pid=95212) log_opt_values /opt/stack/data/venv/lib/python3.12/site-packages/oslo_config/cfg.py:2824}}
Oct 07 13:02:52.273290 np94adfdd788ed4 neutron-periodic-workers[95212]: DEBUG cotyledon.oslo_config_glue [-] privsep_conntrack.log_daemon_traceback = False {{(pid=95212) log_opt_values /opt/stack/data/venv/lib/python3.12/site-packages/oslo_config/cfg.py:2824}}
Oct 07 13:02:52.273290 np94adfdd788ed4 neutron-periodic-workers[95212]: DEBUG cotyledon.oslo_config_glue [-] privsep_conntrack.logger_name = oslo_privsep.daemon {{(pid=95212) log_opt_values /opt/stack/data/venv/lib/python3.12/site-packages/oslo_config/cfg.py:2824}}
Oct 07 13:02:52.273290 np94adfdd788ed4 neutron-periodic-workers[95212]: DEBUG cotyledon.oslo_config_glue [-] privsep_conntrack.thread_pool_size = 8 {{(pid=95212) log_opt_values /opt/stack/data/venv/lib/python3.12/site-packages/oslo_config/cfg.py:2824}}
Oct 07 13:02:52.273290 np94adfdd788ed4 neutron-periodic-workers[95212]: DEBUG cotyledon.oslo_config_glue [-] privsep_conntrack.user = None {{(pid=95212) log_opt_values /opt/stack/data/venv/lib/python3.12/site-packages/oslo_config/cfg.py:2824}}
Oct 07 13:02:52.273712 np94adfdd788ed4 neutron-periodic-workers[95212]: DEBUG cotyledon.oslo_config_glue [-] privsep_link.capabilities = [12, 21] {{(pid=95212) log_opt_values /opt/stack/data/venv/lib/python3.12/site-packages/oslo_config/cfg.py:2824}}
Oct 07 13:02:52.273712 np94adfdd788ed4 neutron-periodic-workers[95212]: DEBUG cotyledon.oslo_config_glue [-] privsep_link.group = None {{(pid=95212) log_opt_values /opt/stack/data/venv/lib/python3.12/site-packages/oslo_config/cfg.py:2824}}
Oct 07 13:02:52.273712 np94adfdd788ed4 neutron-periodic-workers[95212]: DEBUG cotyledon.oslo_config_glue [-] privsep_link.helper_command = None {{(pid=95212) log_opt_values /opt/stack/data/venv/lib/python3.12/site-packages/oslo_config/cfg.py:2824}}
Oct 07 13:02:52.273712 np94adfdd788ed4 neutron-periodic-workers[95212]: DEBUG cotyledon.oslo_config_glue [-] privsep_link.log_daemon_traceback = False {{(pid=95212) log_opt_values /opt/stack/data/venv/lib/python3.12/site-packages/oslo_config/cfg.py:2824}}
Oct 07 13:02:52.273712 np94adfdd788ed4 neutron-periodic-workers[95212]: DEBUG cotyledon.oslo_config_glue [-] privsep_link.logger_name = oslo_privsep.daemon {{(pid=95212) log_opt_values /opt/stack/data/venv/lib/python3.12/site-packages/oslo_config/cfg.py:2824}}
Oct 07 13:02:52.273712 np94adfdd788ed4 neutron-periodic-workers[95212]: DEBUG cotyledon.oslo_config_glue [-] privsep_link.thread_pool_size = 8 {{(pid=95212) log_opt_values /opt/stack/data/venv/lib/python3.12/site-packages/oslo_config/cfg.py:2824}}
Oct 07 13:02:52.273712 np94adfdd788ed4 neutron-periodic-workers[95212]: DEBUG cotyledon.oslo_config_glue [-] privsep_link.user = None {{(pid=95212) log_opt_values /opt/stack/data/venv/lib/python3.12/site-packages/oslo_config/cfg.py:2824}}
Oct 07 13:02:52.273712 np94adfdd788ed4 neutron-periodic-workers[95212]: DEBUG cotyledon.oslo_config_glue [-] AGENT.root_helper = sudo /opt/stack/data/venv/bin/neutron-rootwrap /etc/neutron/rootwrap.conf {{(pid=95212) log_opt_values /opt/stack/data/venv/lib/python3.12/site-packages/oslo_config/cfg.py:2824}}
Oct 07 13:02:52.274135 np94adfdd788ed4 neutron-periodic-workers[95212]: DEBUG cotyledon.oslo_config_glue [-] AGENT.root_helper_daemon = sudo /opt/stack/data/venv/bin/neutron-rootwrap-daemon /etc/neutron/rootwrap.conf {{(pid=95212) log_opt_values /opt/stack/data/venv/lib/python3.12/site-packages/oslo_config/cfg.py:2824}}
Oct 07 13:02:52.274135 np94adfdd788ed4 neutron-periodic-workers[95212]: DEBUG cotyledon.oslo_config_glue [-] AGENT.use_helper_for_ns_read = True {{(pid=95212) log_opt_values /opt/stack/data/venv/lib/python3.12/site-packages/oslo_config/cfg.py:2824}}
Oct 07 13:02:52.274135 np94adfdd788ed4 neutron-periodic-workers[95212]: DEBUG cotyledon.oslo_config_glue [-] SECURITYGROUP.enable_ipset = True {{(pid=95212) log_opt_values /opt/stack/data/venv/lib/python3.12/site-packages/oslo_config/cfg.py:2824}}
Oct 07 13:02:52.274135 np94adfdd788ed4 neutron-periodic-workers[95212]: DEBUG cotyledon.oslo_config_glue [-] SECURITYGROUP.enable_security_group = False {{(pid=95212) log_opt_values /opt/stack/data/venv/lib/python3.12/site-packages/oslo_config/cfg.py:2824}}
Oct 07 13:02:52.274135 np94adfdd788ed4 neutron-periodic-workers[95212]: DEBUG cotyledon.oslo_config_glue [-] SECURITYGROUP.firewall_driver = None {{(pid=95212) log_opt_values /opt/stack/data/venv/lib/python3.12/site-packages/oslo_config/cfg.py:2824}}
Oct 07 13:02:52.274135 np94adfdd788ed4 neutron-periodic-workers[95212]: DEBUG cotyledon.oslo_config_glue [-] SECURITYGROUP.permitted_ethertypes = [] {{(pid=95212) log_opt_values /opt/stack/data/venv/lib/python3.12/site-packages/oslo_config/cfg.py:2824}}
Oct 07 13:02:52.274135 np94adfdd788ed4 neutron-periodic-workers[95212]: DEBUG cotyledon.oslo_config_glue [-] experimental.ipv6_pd_enabled = False {{(pid=95212) log_opt_values /opt/stack/data/venv/lib/python3.12/site-packages/oslo_config/cfg.py:2824}}
Oct 07 13:02:52.274135 np94adfdd788ed4 neutron-periodic-workers[95212]: DEBUG cotyledon.oslo_config_glue [-] ml2.extension_drivers = ['port_security', 'qos'] {{(pid=95212) log_opt_values /opt/stack/data/venv/lib/python3.12/site-packages/oslo_config/cfg.py:2824}}
Oct 07 13:02:52.274135 np94adfdd788ed4 neutron-periodic-workers[95212]: DEBUG cotyledon.oslo_config_glue [-] ml2.external_network_type = None {{(pid=95212) log_opt_values /opt/stack/data/venv/lib/python3.12/site-packages/oslo_config/cfg.py:2824}}
Oct 07 13:02:52.274578 np94adfdd788ed4 neutron-periodic-workers[95212]: DEBUG cotyledon.oslo_config_glue [-] ml2.mechanism_drivers = ['ovn', 'genericswitch'] {{(pid=95212) log_opt_values /opt/stack/data/venv/lib/python3.12/site-packages/oslo_config/cfg.py:2824}}
Oct 07 13:02:52.274578 np94adfdd788ed4 neutron-periodic-workers[95212]: DEBUG cotyledon.oslo_config_glue [-] ml2.overlay_ip_version = 4 {{(pid=95212) log_opt_values /opt/stack/data/venv/lib/python3.12/site-packages/oslo_config/cfg.py:2824}}
Oct 07 13:02:52.274578 np94adfdd788ed4 neutron-periodic-workers[95212]: DEBUG cotyledon.oslo_config_glue [-] ml2.path_mtu = 0 {{(pid=95212) log_opt_values /opt/stack/data/venv/lib/python3.12/site-packages/oslo_config/cfg.py:2824}}
Oct 07 13:02:52.274578 np94adfdd788ed4 neutron-periodic-workers[95212]: DEBUG cotyledon.oslo_config_glue [-] ml2.physical_network_mtus = {} {{(pid=95212) log_opt_values /opt/stack/data/venv/lib/python3.12/site-packages/oslo_config/cfg.py:2824}}
Oct 07 13:02:52.274578 np94adfdd788ed4 neutron-periodic-workers[95212]: DEBUG cotyledon.oslo_config_glue [-] ml2.tenant_network_types = ['vlan'] {{(pid=95212) log_opt_values /opt/stack/data/venv/lib/python3.12/site-packages/oslo_config/cfg.py:2824}}
Oct 07 13:02:52.274578 np94adfdd788ed4 neutron-periodic-workers[95212]: DEBUG cotyledon.oslo_config_glue [-] ml2.tunnelled_network_rp_name = rp_tunnelled {{(pid=95212) log_opt_values /opt/stack/data/venv/lib/python3.12/site-packages/oslo_config/cfg.py:2824}}
Oct 07 13:02:52.274578 np94adfdd788ed4 neutron-periodic-workers[95212]: DEBUG cotyledon.oslo_config_glue [-] ml2.type_drivers = ['local', 'flat', 'vlan', 'geneve'] {{(pid=95212) log_opt_values /opt/stack/data/venv/lib/python3.12/site-packages/oslo_config/cfg.py:2824}}
Oct 07 13:02:52.274578 np94adfdd788ed4 neutron-periodic-workers[95212]: DEBUG cotyledon.oslo_config_glue [-] ml2_type_flat.flat_networks = ['mynetwork', 'public'] {{(pid=95212) log_opt_values /opt/stack/data/venv/lib/python3.12/site-packages/oslo_config/cfg.py:2824}}
Oct 07 13:02:52.274578 np94adfdd788ed4 neutron-periodic-workers[95212]: DEBUG cotyledon.oslo_config_glue [-] ml2_type_geneve.max_header_size = 38 {{(pid=95212) log_opt_values /opt/stack/data/venv/lib/python3.12/site-packages/oslo_config/cfg.py:2824}}
Oct 07 13:02:52.275100 np94adfdd788ed4 neutron-periodic-workers[95212]: DEBUG cotyledon.oslo_config_glue [-] ml2_type_geneve.vni_ranges = ['1:65536'] {{(pid=95212) log_opt_values /opt/stack/data/venv/lib/python3.12/site-packages/oslo_config/cfg.py:2824}}
Oct 07 13:02:52.275100 np94adfdd788ed4 neutron-periodic-workers[95212]: DEBUG cotyledon.oslo_config_glue [-] ml2_type_vlan.network_vlan_ranges = ['mynetwork:100:150'] {{(pid=95212) log_opt_values /opt/stack/data/venv/lib/python3.12/site-packages/oslo_config/cfg.py:2824}}
Oct 07 13:02:52.275100 np94adfdd788ed4 neutron-periodic-workers[95212]: DEBUG cotyledon.oslo_config_glue [-] network_log.burst_limit = 25 {{(pid=95212) log_opt_values /opt/stack/data/venv/lib/python3.12/site-packages/oslo_config/cfg.py:2824}}
Oct 07 13:02:52.275100 np94adfdd788ed4 neutron-periodic-workers[95212]: DEBUG cotyledon.oslo_config_glue [-] network_log.local_output_log_base = None {{(pid=95212) log_opt_values /opt/stack/data/venv/lib/python3.12/site-packages/oslo_config/cfg.py:2824}}
Oct 07 13:02:52.275100 np94adfdd788ed4 neutron-periodic-workers[95212]: DEBUG cotyledon.oslo_config_glue [-] network_log.rate_limit = 100 {{(pid=95212) log_opt_values /opt/stack/data/venv/lib/python3.12/site-packages/oslo_config/cfg.py:2824}}
Oct 07 13:02:52.275100 np94adfdd788ed4 neutron-periodic-workers[95212]: DEBUG cotyledon.oslo_config_glue [-] ngs_coordination.acquire_timeout = 60 {{(pid=95212) log_opt_values /opt/stack/data/venv/lib/python3.12/site-packages/oslo_config/cfg.py:2824}}
Oct 07 13:02:52.275100 np94adfdd788ed4 neutron-periodic-workers[95212]: DEBUG cotyledon.oslo_config_glue [-] ngs_coordination.backend_url = **** {{(pid=95212) log_opt_values /opt/stack/data/venv/lib/python3.12/site-packages/oslo_config/cfg.py:2824}}
Oct 07 13:02:52.275100 np94adfdd788ed4 neutron-periodic-workers[95212]: DEBUG cotyledon.oslo_config_glue [-] ngs.session_log_file = /opt/stack/data/networking-generic-switch/netmiko_session.log {{(pid=95212) log_opt_values /opt/stack/data/venv/lib/python3.12/site-packages/oslo_config/cfg.py:2824}}
Oct 07 13:02:52.275100 np94adfdd788ed4 neutron-periodic-workers[95212]: DEBUG cotyledon.oslo_config_glue [-] database.asyncio_connection = **** {{(pid=95212) log_opt_values /opt/stack/data/venv/lib/python3.12/site-packages/oslo_config/cfg.py:2824}}
Oct 07 13:02:52.275557 np94adfdd788ed4 neutron-periodic-workers[95212]: DEBUG cotyledon.oslo_config_glue [-] database.asyncio_slave_connection = **** {{(pid=95212) log_opt_values /opt/stack/data/venv/lib/python3.12/site-packages/oslo_config/cfg.py:2824}}
Oct 07 13:02:52.275557 np94adfdd788ed4 neutron-periodic-workers[95212]: DEBUG cotyledon.oslo_config_glue [-] database.backend = sqlalchemy {{(pid=95212) log_opt_values /opt/stack/data/venv/lib/python3.12/site-packages/oslo_config/cfg.py:2824}}
Oct 07 13:02:52.275557 np94adfdd788ed4 neutron-periodic-workers[95212]: DEBUG cotyledon.oslo_config_glue [-] database.connection = **** {{(pid=95212) log_opt_values /opt/stack/data/venv/lib/python3.12/site-packages/oslo_config/cfg.py:2824}}
Oct 07 13:02:52.275557 np94adfdd788ed4 neutron-periodic-workers[95212]: DEBUG cotyledon.oslo_config_glue [-] database.connection_debug = 0 {{(pid=95212) log_opt_values /opt/stack/data/venv/lib/python3.12/site-packages/oslo_config/cfg.py:2824}}
Oct 07 13:02:52.275557 np94adfdd788ed4 neutron-periodic-workers[95212]: DEBUG cotyledon.oslo_config_glue [-] database.connection_parameters = {{(pid=95212) log_opt_values /opt/stack/data/venv/lib/python3.12/site-packages/oslo_config/cfg.py:2824}}
Oct 07 13:02:52.275557 np94adfdd788ed4 neutron-periodic-workers[95212]: DEBUG cotyledon.oslo_config_glue [-] database.connection_recycle_time = 3600 {{(pid=95212) log_opt_values /opt/stack/data/venv/lib/python3.12/site-packages/oslo_config/cfg.py:2824}}
Oct 07 13:02:52.275557 np94adfdd788ed4 neutron-periodic-workers[95212]: DEBUG cotyledon.oslo_config_glue [-] database.connection_trace = False {{(pid=95212) log_opt_values /opt/stack/data/venv/lib/python3.12/site-packages/oslo_config/cfg.py:2824}}
Oct 07 13:02:52.275557 np94adfdd788ed4 neutron-periodic-workers[95212]: DEBUG cotyledon.oslo_config_glue [-] database.db_inc_retry_interval = True {{(pid=95212) log_opt_values /opt/stack/data/venv/lib/python3.12/site-packages/oslo_config/cfg.py:2824}}
Oct 07 13:02:52.275557 np94adfdd788ed4 neutron-periodic-workers[95212]: DEBUG cotyledon.oslo_config_glue [-] database.db_max_retries = 20 {{(pid=95212) log_opt_values /opt/stack/data/venv/lib/python3.12/site-packages/oslo_config/cfg.py:2824}}
Oct 07 13:02:52.276038 np94adfdd788ed4 neutron-periodic-workers[95212]: DEBUG cotyledon.oslo_config_glue [-] database.db_max_retry_interval = 10 {{(pid=95212) log_opt_values /opt/stack/data/venv/lib/python3.12/site-packages/oslo_config/cfg.py:2824}}
Oct 07 13:02:52.276038 np94adfdd788ed4 neutron-periodic-workers[95212]: DEBUG cotyledon.oslo_config_glue [-] database.db_retry_interval = 1 {{(pid=95212) log_opt_values /opt/stack/data/venv/lib/python3.12/site-packages/oslo_config/cfg.py:2824}}
Oct 07 13:02:52.276038 np94adfdd788ed4 neutron-periodic-workers[95212]: DEBUG cotyledon.oslo_config_glue [-] database.max_overflow = 50 {{(pid=95212) log_opt_values /opt/stack/data/venv/lib/python3.12/site-packages/oslo_config/cfg.py:2824}}
Oct 07 13:02:52.276038 np94adfdd788ed4 neutron-periodic-workers[95212]: DEBUG cotyledon.oslo_config_glue [-] database.max_pool_size = 5 {{(pid=95212) log_opt_values /opt/stack/data/venv/lib/python3.12/site-packages/oslo_config/cfg.py:2824}}
Oct 07 13:02:52.276038 np94adfdd788ed4 neutron-periodic-workers[95212]: DEBUG cotyledon.oslo_config_glue [-] database.max_retries = 10 {{(pid=95212) log_opt_values /opt/stack/data/venv/lib/python3.12/site-packages/oslo_config/cfg.py:2824}}
Oct 07 13:02:52.276038 np94adfdd788ed4 neutron-periodic-workers[95212]: DEBUG cotyledon.oslo_config_glue [-] database.mysql_sql_mode = TRADITIONAL {{(pid=95212) log_opt_values /opt/stack/data/venv/lib/python3.12/site-packages/oslo_config/cfg.py:2824}}
Oct 07 13:02:52.276038 np94adfdd788ed4 neutron-periodic-workers[95212]: DEBUG cotyledon.oslo_config_glue [-] database.mysql_wsrep_sync_wait = None {{(pid=95212) log_opt_values /opt/stack/data/venv/lib/python3.12/site-packages/oslo_config/cfg.py:2824}}
Oct 07 13:02:52.276038 np94adfdd788ed4 neutron-periodic-workers[95212]: DEBUG cotyledon.oslo_config_glue [-] database.pool_timeout = None {{(pid=95212) log_opt_values /opt/stack/data/venv/lib/python3.12/site-packages/oslo_config/cfg.py:2824}}
Oct 07 13:02:52.276038 np94adfdd788ed4 neutron-periodic-workers[95212]: DEBUG cotyledon.oslo_config_glue [-] database.retry_interval = 10 {{(pid=95212) log_opt_values /opt/stack/data/venv/lib/python3.12/site-packages/oslo_config/cfg.py:2824}}
Oct 07 13:02:52.276476 np94adfdd788ed4 neutron-periodic-workers[95212]: DEBUG cotyledon.oslo_config_glue [-] database.slave_connection = **** {{(pid=95212) log_opt_values /opt/stack/data/venv/lib/python3.12/site-packages/oslo_config/cfg.py:2824}}
Oct 07 13:02:52.276476 np94adfdd788ed4 neutron-periodic-workers[95212]: DEBUG cotyledon.oslo_config_glue [-] database.sqlite_synchronous = True {{(pid=95212) log_opt_values /opt/stack/data/venv/lib/python3.12/site-packages/oslo_config/cfg.py:2824}}
Oct 07 13:02:52.276476 np94adfdd788ed4 neutron-periodic-workers[95212]: DEBUG cotyledon.oslo_config_glue [-] database.use_db_reconnect = False {{(pid=95212) log_opt_values /opt/stack/data/venv/lib/python3.12/site-packages/oslo_config/cfg.py:2824}}
Oct 07 13:02:52.276476 np94adfdd788ed4 neutron-periodic-workers[95212]: DEBUG cotyledon.oslo_config_glue [-] ovn.broadcast_arps_to_all_routers = True {{(pid=95212) log_opt_values /opt/stack/data/venv/lib/python3.12/site-packages/oslo_config/cfg.py:2824}}
Oct 07 13:02:52.276476 np94adfdd788ed4 neutron-periodic-workers[95212]: DEBUG cotyledon.oslo_config_glue [-] ovn.dhcp_default_lease_time = 43200 {{(pid=95212) log_opt_values /opt/stack/data/venv/lib/python3.12/site-packages/oslo_config/cfg.py:2824}}
Oct 07 13:02:52.276476 np94adfdd788ed4 neutron-periodic-workers[95212]: DEBUG cotyledon.oslo_config_glue [-] ovn.disable_ovn_dhcp_for_baremetal_ports = False {{(pid=95212) log_opt_values /opt/stack/data/venv/lib/python3.12/site-packages/oslo_config/cfg.py:2824}}
Oct 07 13:02:52.276476 np94adfdd788ed4 neutron-periodic-workers[95212]: DEBUG cotyledon.oslo_config_glue [-] ovn.dns_records_ovn_owned = False {{(pid=95212) log_opt_values /opt/stack/data/venv/lib/python3.12/site-packages/oslo_config/cfg.py:2824}}
Oct 07 13:02:52.276476 np94adfdd788ed4 neutron-periodic-workers[95212]: DEBUG cotyledon.oslo_config_glue [-] ovn.dns_servers = [] {{(pid=95212) log_opt_values /opt/stack/data/venv/lib/python3.12/site-packages/oslo_config/cfg.py:2824}}
Oct 07 13:02:52.276476 np94adfdd788ed4 neutron-periodic-workers[95212]: DEBUG cotyledon.oslo_config_glue [-] ovn.enable_distributed_floating_ip = False {{(pid=95212) log_opt_values /opt/stack/data/venv/lib/python3.12/site-packages/oslo_config/cfg.py:2824}}
Oct 07 13:02:52.276902 np94adfdd788ed4 neutron-periodic-workers[95212]: DEBUG cotyledon.oslo_config_glue [-] ovn.fdb_age_threshold = 0 {{(pid=95212) log_opt_values /opt/stack/data/venv/lib/python3.12/site-packages/oslo_config/cfg.py:2824}}
Oct 07 13:02:52.276902 np94adfdd788ed4 neutron-periodic-workers[95212]: DEBUG cotyledon.oslo_config_glue [-] ovn.live_migration_activation_strategy = rarp {{(pid=95212) log_opt_values /opt/stack/data/venv/lib/python3.12/site-packages/oslo_config/cfg.py:2824}}
Oct 07 13:02:52.276902 np94adfdd788ed4 neutron-periodic-workers[95212]: DEBUG cotyledon.oslo_config_glue [-] ovn.localnet_learn_fdb = False {{(pid=95212) log_opt_values /opt/stack/data/venv/lib/python3.12/site-packages/oslo_config/cfg.py:2824}}
Oct 07 13:02:52.276902 np94adfdd788ed4 neutron-periodic-workers[95212]: DEBUG cotyledon.oslo_config_glue [-] ovn.mac_binding_age_threshold = 0 {{(pid=95212) log_opt_values /opt/stack/data/venv/lib/python3.12/site-packages/oslo_config/cfg.py:2824}}
Oct 07 13:02:52.276902 np94adfdd788ed4 neutron-periodic-workers[95212]: DEBUG cotyledon.oslo_config_glue [-] ovn.neutron_sync_mode = log {{(pid=95212) log_opt_values /opt/stack/data/venv/lib/python3.12/site-packages/oslo_config/cfg.py:2824}}
Oct 07 13:02:52.276902 np94adfdd788ed4 neutron-periodic-workers[95212]: DEBUG cotyledon.oslo_config_glue [-] ovn.ovn_dhcp4_global_options = {} {{(pid=95212) log_opt_values /opt/stack/data/venv/lib/python3.12/site-packages/oslo_config/cfg.py:2824}}
Oct 07 13:02:52.276902 np94adfdd788ed4 neutron-periodic-workers[95212]: DEBUG cotyledon.oslo_config_glue [-] ovn.ovn_dhcp6_global_options = {} {{(pid=95212) log_opt_values /opt/stack/data/venv/lib/python3.12/site-packages/oslo_config/cfg.py:2824}}
Oct 07 13:02:52.276902 np94adfdd788ed4 neutron-periodic-workers[95212]: DEBUG cotyledon.oslo_config_glue [-] ovn.ovn_emit_need_to_frag = True {{(pid=95212) log_opt_values /opt/stack/data/venv/lib/python3.12/site-packages/oslo_config/cfg.py:2824}}
Oct 07 13:02:52.276902 np94adfdd788ed4 neutron-periodic-workers[95212]: DEBUG cotyledon.oslo_config_glue [-] ovn.ovn_l3_scheduler = leastloaded {{(pid=95212) log_opt_values /opt/stack/data/venv/lib/python3.12/site-packages/oslo_config/cfg.py:2824}}
Oct 07 13:02:52.277574 np94adfdd788ed4 neutron-periodic-workers[95212]: DEBUG cotyledon.oslo_config_glue [-] ovn.ovn_metadata_enabled = True {{(pid=95212) log_opt_values /opt/stack/data/venv/lib/python3.12/site-packages/oslo_config/cfg.py:2824}}
Oct 07 13:02:52.277574 np94adfdd788ed4 neutron-periodic-workers[95212]: DEBUG cotyledon.oslo_config_glue [-] ovn.ovn_nb_ca_cert = /opt/stack/data/CA/int-ca/ca-chain.pem {{(pid=95212) log_opt_values /opt/stack/data/venv/lib/python3.12/site-packages/oslo_config/cfg.py:2824}}
Oct 07 13:02:52.277574 np94adfdd788ed4 neutron-periodic-workers[95212]: DEBUG cotyledon.oslo_config_glue [-] ovn.ovn_nb_certificate = /opt/stack/data/CA/int-ca/devstack-cert.crt {{(pid=95212) log_opt_values /opt/stack/data/venv/lib/python3.12/site-packages/oslo_config/cfg.py:2824}}
Oct 07 13:02:52.277574 np94adfdd788ed4 neutron-periodic-workers[95212]: DEBUG cotyledon.oslo_config_glue [-] ovn.ovn_nb_connection = ['ssl:10.208.224.59:6641'] {{(pid=95212) log_opt_values /opt/stack/data/venv/lib/python3.12/site-packages/oslo_config/cfg.py:2824}}
Oct 07 13:02:52.277574 np94adfdd788ed4 neutron-periodic-workers[95212]: DEBUG cotyledon.oslo_config_glue [-] ovn.ovn_nb_private_key = /opt/stack/data/CA/int-ca/private/devstack-cert.key {{(pid=95212) log_opt_values /opt/stack/data/venv/lib/python3.12/site-packages/oslo_config/cfg.py:2824}}
Oct 07 13:02:52.277574 np94adfdd788ed4 neutron-periodic-workers[95212]: DEBUG cotyledon.oslo_config_glue [-] ovn.ovn_router_indirect_snat = False {{(pid=95212) log_opt_values /opt/stack/data/venv/lib/python3.12/site-packages/oslo_config/cfg.py:2824}}
Oct 07 13:02:52.277574 np94adfdd788ed4 neutron-periodic-workers[95212]: DEBUG cotyledon.oslo_config_glue [-] ovn.ovn_sb_ca_cert = /opt/stack/data/CA/int-ca/ca-chain.pem {{(pid=95212) log_opt_values /opt/stack/data/venv/lib/python3.12/site-packages/oslo_config/cfg.py:2824}}
Oct 07 13:02:52.277574 np94adfdd788ed4 neutron-periodic-workers[95212]: DEBUG cotyledon.oslo_config_glue [-] ovn.ovn_sb_certificate = /opt/stack/data/CA/int-ca/devstack-cert.crt {{(pid=95212) log_opt_values /opt/stack/data/venv/lib/python3.12/site-packages/oslo_config/cfg.py:2824}}
Oct 07 13:02:52.277997 np94adfdd788ed4 neutron-periodic-workers[95212]: DEBUG cotyledon.oslo_config_glue [-] ovn.ovn_sb_connection = ['ssl:10.208.224.59:6642'] {{(pid=95212) log_opt_values /opt/stack/data/venv/lib/python3.12/site-packages/oslo_config/cfg.py:2824}}
Oct 07 13:02:52.277997 np94adfdd788ed4 neutron-periodic-workers[95212]: DEBUG cotyledon.oslo_config_glue [-] ovn.ovn_sb_private_key = /opt/stack/data/CA/int-ca/private/devstack-cert.key {{(pid=95212) log_opt_values /opt/stack/data/venv/lib/python3.12/site-packages/oslo_config/cfg.py:2824}}
Oct 07 13:02:52.277997 np94adfdd788ed4 neutron-periodic-workers[95212]: DEBUG cotyledon.oslo_config_glue [-] ovn.ovsdb_connection_timeout = 180 {{(pid=95212) log_opt_values /opt/stack/data/venv/lib/python3.12/site-packages/oslo_config/cfg.py:2824}}
Oct 07 13:02:52.277997 np94adfdd788ed4 neutron-periodic-workers[95212]: DEBUG cotyledon.oslo_config_glue [-] ovn.ovsdb_log_level = INFO {{(pid=95212) log_opt_values /opt/stack/data/venv/lib/python3.12/site-packages/oslo_config/cfg.py:2824}}
Oct 07 13:02:52.277997 np94adfdd788ed4 neutron-periodic-workers[95212]: DEBUG cotyledon.oslo_config_glue [-] ovn.ovsdb_probe_interval = 60000 {{(pid=95212) log_opt_values /opt/stack/data/venv/lib/python3.12/site-packages/oslo_config/cfg.py:2824}}
Oct 07 13:02:52.277997 np94adfdd788ed4 neutron-periodic-workers[95212]: DEBUG cotyledon.oslo_config_glue [-] ovn.ovsdb_retry_max_interval = 180 {{(pid=95212) log_opt_values /opt/stack/data/venv/lib/python3.12/site-packages/oslo_config/cfg.py:2824}}
Oct 07 13:02:52.277997 np94adfdd788ed4 neutron-periodic-workers[95212]: DEBUG cotyledon.oslo_config_glue [-] ovn.stateless_nat_enabled = False {{(pid=95212) log_opt_values /opt/stack/data/venv/lib/python3.12/site-packages/oslo_config/cfg.py:2824}}
Oct 07 13:02:52.277997 np94adfdd788ed4 neutron-periodic-workers[95212]: DEBUG cotyledon.oslo_config_glue [-] ovn.vhost_sock_dir = /var/run/openvswitch {{(pid=95212) log_opt_values /opt/stack/data/venv/lib/python3.12/site-packages/oslo_config/cfg.py:2824}}
Oct 07 13:02:52.277997 np94adfdd788ed4 neutron-periodic-workers[95212]: DEBUG cotyledon.oslo_config_glue [-] OVS.bridge_mac_table_size = 50000 {{(pid=95212) log_opt_values /opt/stack/data/venv/lib/python3.12/site-packages/oslo_config/cfg.py:2824}}
Oct 07 13:02:52.278478 np94adfdd788ed4 neutron-periodic-workers[95212]: DEBUG cotyledon.oslo_config_glue [-] OVS.igmp_flood = False {{(pid=95212) log_opt_values /opt/stack/data/venv/lib/python3.12/site-packages/oslo_config/cfg.py:2824}}
Oct 07 13:02:52.278478 np94adfdd788ed4 neutron-periodic-workers[95212]: DEBUG cotyledon.oslo_config_glue [-] OVS.igmp_flood_reports = True {{(pid=95212) log_opt_values /opt/stack/data/venv/lib/python3.12/site-packages/oslo_config/cfg.py:2824}}
Oct 07 13:02:52.278478 np94adfdd788ed4 neutron-periodic-workers[95212]: DEBUG cotyledon.oslo_config_glue [-] OVS.igmp_flood_unregistered = False {{(pid=95212) log_opt_values /opt/stack/data/venv/lib/python3.12/site-packages/oslo_config/cfg.py:2824}}
Oct 07 13:02:52.278478 np94adfdd788ed4 neutron-periodic-workers[95212]: DEBUG cotyledon.oslo_config_glue [-] OVS.igmp_snooping_enable = False {{(pid=95212) log_opt_values /opt/stack/data/venv/lib/python3.12/site-packages/oslo_config/cfg.py:2824}}
Oct 07 13:02:52.278478 np94adfdd788ed4 neutron-periodic-workers[95212]: DEBUG cotyledon.oslo_config_glue [-] OVS.ovsdb_timeout = 10 {{(pid=95212) log_opt_values /opt/stack/data/venv/lib/python3.12/site-packages/oslo_config/cfg.py:2824}}
Oct 07 13:02:52.278478 np94adfdd788ed4 neutron-periodic-workers[95212]: DEBUG cotyledon.oslo_config_glue [-] ovn_nb_global.fdb_removal_limit = 0 {{(pid=95212) log_opt_values /opt/stack/data/venv/lib/python3.12/site-packages/oslo_config/cfg.py:2824}}
Oct 07 13:02:52.278478 np94adfdd788ed4 neutron-periodic-workers[95212]: DEBUG cotyledon.oslo_config_glue [-] ovn_nb_global.ignore_lsp_down = False {{(pid=95212) log_opt_values /opt/stack/data/venv/lib/python3.12/site-packages/oslo_config/cfg.py:2824}}
Oct 07 13:02:52.278478 np94adfdd788ed4 neutron-periodic-workers[95212]: DEBUG cotyledon.oslo_config_glue [-] ovn_nb_global.mac_binding_removal_limit = 0 {{(pid=95212) log_opt_values /opt/stack/data/venv/lib/python3.12/site-packages/oslo_config/cfg.py:2824}}
Oct 07 13:02:52.278478 np94adfdd788ed4 neutron-periodic-workers[95212]: DEBUG cotyledon.oslo_config_glue [-] ******************************************************************************** {{(pid=95212) log_opt_values /opt/stack/data/venv/lib/python3.12/site-packages/oslo_config/cfg.py:2828}}
Oct 07 13:02:52.278907 np94adfdd788ed4 neutron-periodic-workers[95212]: DEBUG cotyledon._service [-] Run service ServiceWrapper(0) [95212] {{(pid=95212) wait_forever /opt/stack/data/venv/lib/python3.12/site-packages/cotyledon/_service.py:263}}
Oct 07 13:03:01.683382 np94adfdd788ed4 neutron-periodic-workers[94552]: DEBUG dbcounter [-] [94552] Writing DB stats neutron:SELECT=4 {{(pid=94552) stat_writer /opt/stack/data/venv/lib/python3.12/site-packages/dbcounter.py:115}}
Oct 07 13:03:30.206267 np94adfdd788ed4 neutron-periodic-workers[95204]: DEBUG oslo_db.sqlalchemy.engines [None req-f779ff76-b110-496f-800b-1116b78e2256 None None] Parent process 94552 forked (95204) with an open database connection, which is being discarded and recreated. {{(pid=95204) checkout /opt/stack/data/venv/lib/python3.12/site-packages/oslo_db/sqlalchemy/engines.py:474}}
Oct 07 13:03:30.220294 np94adfdd788ed4 neutron-periodic-workers[95204]: DEBUG dbcounter [-] [95204] Writer thread running {{(pid=95204) stat_writer /opt/stack/data/venv/lib/python3.12/site-packages/dbcounter.py:102}}
Oct 07 13:03:30.255046 np94adfdd788ed4 neutron-periodic-workers[95204]: DEBUG oslo.service.backend._threading.loopingcall [None req-f779ff76-b110-496f-800b-1116b78e2256 None None] Fixed interval looping call 'neutron.plugins.ml2.plugin.DhcpAgentSchedulerDbMixin.remove_networks_from_down_agents' sleeping for 36.94 seconds {{(pid=95204) _run_loop /opt/stack/data/venv/lib/python3.12/site-packages/oslo_service/backend/_threading/loopingcall.py:165}}
Oct 07 13:03:40.253066 np94adfdd788ed4 neutron-periodic-workers[95204]: DEBUG dbcounter [-] [95204] Writing DB stats neutron:SELECT=3 {{(pid=95204) stat_writer /opt/stack/data/venv/lib/python3.12/site-packages/dbcounter.py:115}}
Oct 07 13:03:48.233916 np94adfdd788ed4 neutron-periodic-workers[95208]: DEBUG dbcounter [-] [95208] Writer thread running {{(pid=95208) stat_writer /opt/stack/data/venv/lib/python3.12/site-packages/dbcounter.py:102}}
Oct 07 13:03:48.241577 np94adfdd788ed4 neutron-periodic-workers[95208]: DEBUG neutron.db.agents_db [None req-73841cc4-2294-42b7-8b8e-eed393003138 None None] Agent healthcheck: found 1 active agents {{(pid=95208) agent_health_check /opt/stack/neutron/neutron/db/agents_db.py:317}}
Oct 07 13:03:48.241989 np94adfdd788ed4 neutron-periodic-workers[95208]: DEBUG oslo.service.backend._threading.loopingcall [None req-73841cc4-2294-42b7-8b8e-eed393003138 None None] Fixed interval looping call 'neutron.plugins.ml2.plugin.AgentDbMixin.agent_health_check' sleeping for 36.97 seconds {{(pid=95208) _run_loop /opt/stack/data/venv/lib/python3.12/site-packages/oslo_service/backend/_threading/loopingcall.py:165}}
Oct 07 13:03:58.234764 np94adfdd788ed4 neutron-periodic-workers[95208]: DEBUG dbcounter [-] [95208] Writing DB stats neutron:SELECT=1 {{(pid=95208) stat_writer /opt/stack/data/venv/lib/python3.12/site-packages/dbcounter.py:115}}
Oct 07 13:04:07.204717 np94adfdd788ed4 neutron-periodic-workers[95204]: DEBUG oslo.service.backend._threading.loopingcall [None req-f779ff76-b110-496f-800b-1116b78e2256 None None] Fixed interval looping call 'neutron.plugins.ml2.plugin.DhcpAgentSchedulerDbMixin.remove_networks_from_down_agents' sleeping for 36.99 seconds {{(pid=95204) _run_loop /opt/stack/data/venv/lib/python3.12/site-packages/oslo_service/backend/_threading/loopingcall.py:165}}
Oct 07 13:04:17.204348 np94adfdd788ed4 neutron-periodic-workers[95204]: DEBUG dbcounter [-] [95204] Writing DB stats neutron:SELECT=3 {{(pid=95204) stat_writer /opt/stack/data/venv/lib/python3.12/site-packages/dbcounter.py:115}}
Oct 07 13:04:25.217289 np94adfdd788ed4 neutron-periodic-workers[95208]: DEBUG neutron.db.agents_db [None req-73841cc4-2294-42b7-8b8e-eed393003138 None None] Agent healthcheck: found 1 active agents {{(pid=95208) agent_health_check /opt/stack/neutron/neutron/db/agents_db.py:317}}
Oct 07 13:04:25.217761 np94adfdd788ed4 neutron-periodic-workers[95208]: DEBUG oslo.service.backend._threading.loopingcall [None req-73841cc4-2294-42b7-8b8e-eed393003138 None None] Fixed interval looping call 'neutron.plugins.ml2.plugin.AgentDbMixin.agent_health_check' sleeping for 36.99 seconds {{(pid=95208) _run_loop /opt/stack/data/venv/lib/python3.12/site-packages/oslo_service/backend/_threading/loopingcall.py:165}}
Oct 07 13:04:35.215185 np94adfdd788ed4 neutron-periodic-workers[95208]: DEBUG dbcounter [-] [95208] Writing DB stats neutron:SELECT=1 {{(pid=95208) stat_writer /opt/stack/data/venv/lib/python3.12/site-packages/dbcounter.py:115}}
Oct 07 13:04:44.204374 np94adfdd788ed4 neutron-periodic-workers[95204]: DEBUG oslo.service.backend._threading.loopingcall [None req-f779ff76-b110-496f-800b-1116b78e2256 None None] Fixed interval looping call 'neutron.plugins.ml2.plugin.DhcpAgentSchedulerDbMixin.remove_networks_from_down_agents' sleeping for 36.99 seconds {{(pid=95204) _run_loop /opt/stack/data/venv/lib/python3.12/site-packages/oslo_service/backend/_threading/loopingcall.py:165}}
Oct 07 13:04:52.244813 np94adfdd788ed4 neutron-periodic-workers[95210]: DEBUG dbcounter [-] [95210] Writer thread running {{(pid=95210) stat_writer /opt/stack/data/venv/lib/python3.12/site-packages/dbcounter.py:102}}
Oct 07 13:04:52.247859 np94adfdd788ed4 neutron-periodic-workers[95210]: DEBUG oslo.service.backend._threading.loopingcall [None req-8d200d23-d888-4a0d-9135-568d237b2f2d None None] Fixed interval looping call 'neutron.db.quota.driver_nolock.DbQuotaNoLockDriver._remove_expired_reservations' sleeping for 119.98 seconds {{(pid=95210) _run_loop /opt/stack/data/venv/lib/python3.12/site-packages/oslo_service/backend/_threading/loopingcall.py:165}}
Oct 07 13:04:54.202709 np94adfdd788ed4 neutron-periodic-workers[95204]: DEBUG dbcounter [-] [95204] Writing DB stats neutron:SELECT=3 {{(pid=95204) stat_writer /opt/stack/data/venv/lib/python3.12/site-packages/dbcounter.py:115}}
Oct 07 13:05:02.213198 np94adfdd788ed4 neutron-periodic-workers[95208]: DEBUG neutron.db.agents_db [None req-73841cc4-2294-42b7-8b8e-eed393003138 None None] Agent healthcheck: found 1 active agents {{(pid=95208) agent_health_check /opt/stack/neutron/neutron/db/agents_db.py:317}}
Oct 07 13:05:02.213777 np94adfdd788ed4 neutron-periodic-workers[95208]: DEBUG oslo.service.backend._threading.loopingcall [None req-73841cc4-2294-42b7-8b8e-eed393003138 None None] Fixed interval looping call 'neutron.plugins.ml2.plugin.AgentDbMixin.agent_health_check' sleeping for 36.99 seconds {{(pid=95208) _run_loop /opt/stack/data/venv/lib/python3.12/site-packages/oslo_service/backend/_threading/loopingcall.py:165}}
Oct 07 13:05:02.245606 np94adfdd788ed4 neutron-periodic-workers[95210]: DEBUG dbcounter [-] [95210] Writing DB stats neutron:DELETE=1 {{(pid=95210) stat_writer /opt/stack/data/venv/lib/python3.12/site-packages/dbcounter.py:115}}
Oct 07 13:05:12.211144 np94adfdd788ed4 neutron-periodic-workers[95208]: DEBUG dbcounter [-] [95208] Writing DB stats neutron:SELECT=1 {{(pid=95208) stat_writer /opt/stack/data/venv/lib/python3.12/site-packages/dbcounter.py:115}}
Oct 07 13:05:21.203132 np94adfdd788ed4 neutron-periodic-workers[95204]: DEBUG oslo.service.backend._threading.loopingcall [None req-f779ff76-b110-496f-800b-1116b78e2256 None None] Fixed interval looping call 'neutron.plugins.ml2.plugin.DhcpAgentSchedulerDbMixin.remove_networks_from_down_agents' sleeping for 36.99 seconds {{(pid=95204) _run_loop /opt/stack/data/venv/lib/python3.12/site-packages/oslo_service/backend/_threading/loopingcall.py:165}}
Oct 07 13:05:31.202038 np94adfdd788ed4 neutron-periodic-workers[95204]: DEBUG dbcounter [-] [95204] Writing DB stats neutron:SELECT=3 {{(pid=95204) stat_writer /opt/stack/data/venv/lib/python3.12/site-packages/dbcounter.py:115}}
Oct 07 13:05:39.210603 np94adfdd788ed4 neutron-periodic-workers[95208]: DEBUG neutron.db.agents_db [None req-73841cc4-2294-42b7-8b8e-eed393003138 None None] Agent healthcheck: found 1 active agents {{(pid=95208) agent_health_check /opt/stack/neutron/neutron/db/agents_db.py:317}}
Oct 07 13:05:39.211170 np94adfdd788ed4 neutron-periodic-workers[95208]: DEBUG oslo.service.backend._threading.loopingcall [None req-73841cc4-2294-42b7-8b8e-eed393003138 None None] Fixed interval looping call 'neutron.plugins.ml2.plugin.AgentDbMixin.agent_health_check' sleeping for 36.99 seconds {{(pid=95208) _run_loop /opt/stack/data/venv/lib/python3.12/site-packages/oslo_service/backend/_threading/loopingcall.py:165}}
Oct 07 13:05:49.207494 np94adfdd788ed4 neutron-periodic-workers[95208]: DEBUG dbcounter [-] [95208] Writing DB stats neutron:SELECT=1 {{(pid=95208) stat_writer /opt/stack/data/venv/lib/python3.12/site-packages/dbcounter.py:115}}
Oct 07 13:05:58.203172 np94adfdd788ed4 neutron-periodic-workers[95204]: DEBUG oslo.service.backend._threading.loopingcall [None req-f779ff76-b110-496f-800b-1116b78e2256 None None] Fixed interval looping call 'neutron.plugins.ml2.plugin.DhcpAgentSchedulerDbMixin.remove_networks_from_down_agents' sleeping for 36.99 seconds {{(pid=95204) _run_loop /opt/stack/data/venv/lib/python3.12/site-packages/oslo_service/backend/_threading/loopingcall.py:165}}
Oct 07 13:06:08.201669 np94adfdd788ed4 neutron-periodic-workers[95204]: DEBUG dbcounter [-] [95204] Writing DB stats neutron:SELECT=3 {{(pid=95204) stat_writer /opt/stack/data/venv/lib/python3.12/site-packages/dbcounter.py:115}}
Oct 07 13:06:16.206672 np94adfdd788ed4 neutron-periodic-workers[95208]: DEBUG neutron.db.agents_db [None req-73841cc4-2294-42b7-8b8e-eed393003138 None None] Agent healthcheck: found 1 active agents {{(pid=95208) agent_health_check /opt/stack/neutron/neutron/db/agents_db.py:317}}
Oct 07 13:06:16.207184 np94adfdd788ed4 neutron-periodic-workers[95208]: DEBUG oslo.service.backend._threading.loopingcall [None req-73841cc4-2294-42b7-8b8e-eed393003138 None None] Fixed interval looping call 'neutron.plugins.ml2.plugin.AgentDbMixin.agent_health_check' sleeping for 36.99 seconds {{(pid=95208) _run_loop /opt/stack/data/venv/lib/python3.12/site-packages/oslo_service/backend/_threading/loopingcall.py:165}}
Oct 07 13:06:26.204511 np94adfdd788ed4 neutron-periodic-workers[95208]: DEBUG dbcounter [-] [95208] Writing DB stats neutron:SELECT=1 {{(pid=95208) stat_writer /opt/stack/data/venv/lib/python3.12/site-packages/dbcounter.py:115}}
Oct 07 13:06:35.201961 np94adfdd788ed4 neutron-periodic-workers[95204]: DEBUG oslo.service.backend._threading.loopingcall [None req-f779ff76-b110-496f-800b-1116b78e2256 None None] Fixed interval looping call 'neutron.plugins.ml2.plugin.DhcpAgentSchedulerDbMixin.remove_networks_from_down_agents' sleeping for 36.99 seconds {{(pid=95204) _run_loop /opt/stack/data/venv/lib/python3.12/site-packages/oslo_service/backend/_threading/loopingcall.py:165}}
Oct 07 13:06:45.200860 np94adfdd788ed4 neutron-periodic-workers[95204]: DEBUG dbcounter [-] [95204] Writing DB stats neutron:SELECT=3 {{(pid=95204) stat_writer /opt/stack/data/venv/lib/python3.12/site-packages/dbcounter.py:115}}
Oct 07 13:06:52.233371 np94adfdd788ed4 neutron-periodic-workers[95210]: DEBUG oslo.service.backend._threading.loopingcall [None req-8d200d23-d888-4a0d-9135-568d237b2f2d None None] Fixed interval looping call 'neutron.db.quota.driver_nolock.DbQuotaNoLockDriver._remove_expired_reservations' sleeping for 120.00 seconds {{(pid=95210) _run_loop /opt/stack/data/venv/lib/python3.12/site-packages/oslo_service/backend/_threading/loopingcall.py:165}}
Oct 07 13:06:53.202307 np94adfdd788ed4 neutron-periodic-workers[95208]: DEBUG neutron.db.agents_db [None req-73841cc4-2294-42b7-8b8e-eed393003138 None None] Agent healthcheck: found 1 active agents {{(pid=95208) agent_health_check /opt/stack/neutron/neutron/db/agents_db.py:317}}
Oct 07 13:06:53.202851 np94adfdd788ed4 neutron-periodic-workers[95208]: DEBUG oslo.service.backend._threading.loopingcall [None req-73841cc4-2294-42b7-8b8e-eed393003138 None None] Fixed interval looping call 'neutron.plugins.ml2.plugin.AgentDbMixin.agent_health_check' sleeping for 36.99 seconds {{(pid=95208) _run_loop /opt/stack/data/venv/lib/python3.12/site-packages/oslo_service/backend/_threading/loopingcall.py:165}}
Oct 07 13:07:02.232150 np94adfdd788ed4 neutron-periodic-workers[95210]: DEBUG dbcounter [-] [95210] Writing DB stats neutron:DELETE=1 {{(pid=95210) stat_writer /opt/stack/data/venv/lib/python3.12/site-packages/dbcounter.py:115}}
Oct 07 13:07:03.200087 np94adfdd788ed4 neutron-periodic-workers[95208]: DEBUG dbcounter [-] [95208] Writing DB stats neutron:SELECT=1 {{(pid=95208) stat_writer /opt/stack/data/venv/lib/python3.12/site-packages/dbcounter.py:115}}
Oct 07 13:07:10.329406 np94adfdd788ed4 neutron-periodic-workers[95212]: DEBUG dbcounter [-] [95212] Writer thread running {{(pid=95212) stat_writer /opt/stack/data/venv/lib/python3.12/site-packages/dbcounter.py:102}}
Oct 07 13:07:10.344412 np94adfdd788ed4 neutron-periodic-workers[95212]: DEBUG oslo.service.backend._threading.loopingcall [None req-a5fe1326-ff91-4ebf-bf97-ba1f03d9d700 None None] Fixed interval looping call 'neutron.services.ovn_l3.plugin.L3_NAT_dbonly_mixin._clean_garbage' sleeping for 299.93 seconds {{(pid=95212) _run_loop /opt/stack/data/venv/lib/python3.12/site-packages/oslo_service/backend/_threading/loopingcall.py:165}}
Oct 07 13:07:12.201879 np94adfdd788ed4 neutron-periodic-workers[95204]: DEBUG oslo.service.backend._threading.loopingcall [None req-f779ff76-b110-496f-800b-1116b78e2256 None None] Fixed interval looping call 'neutron.plugins.ml2.plugin.DhcpAgentSchedulerDbMixin.remove_networks_from_down_agents' sleeping for 36.99 seconds {{(pid=95204) _run_loop /opt/stack/data/venv/lib/python3.12/site-packages/oslo_service/backend/_threading/loopingcall.py:165}}
Oct 07 13:07:20.331116 np94adfdd788ed4 neutron-periodic-workers[95212]: DEBUG dbcounter [-] [95212] Writing DB stats neutron:SELECT=1 {{(pid=95212) stat_writer /opt/stack/data/venv/lib/python3.12/site-packages/dbcounter.py:115}}
Oct 07 13:07:22.201187 np94adfdd788ed4 neutron-periodic-workers[95204]: DEBUG dbcounter [-] [95204] Writing DB stats neutron:SELECT=3 {{(pid=95204) stat_writer /opt/stack/data/venv/lib/python3.12/site-packages/dbcounter.py:115}}
Oct 07 13:07:30.197691 np94adfdd788ed4 neutron-periodic-workers[95208]: DEBUG neutron.db.agents_db [None req-73841cc4-2294-42b7-8b8e-eed393003138 None None] Agent healthcheck: found 1 active agents {{(pid=95208) agent_health_check /opt/stack/neutron/neutron/db/agents_db.py:317}}
Oct 07 13:07:30.198360 np94adfdd788ed4 neutron-periodic-workers[95208]: DEBUG oslo.service.backend._threading.loopingcall [None req-73841cc4-2294-42b7-8b8e-eed393003138 None None] Fixed interval looping call 'neutron.plugins.ml2.plugin.AgentDbMixin.agent_health_check' sleeping for 36.99 seconds {{(pid=95208) _run_loop /opt/stack/data/venv/lib/python3.12/site-packages/oslo_service/backend/_threading/loopingcall.py:165}}
Oct 07 13:07:40.195604 np94adfdd788ed4 neutron-periodic-workers[95208]: DEBUG dbcounter [-] [95208] Writing DB stats neutron:SELECT=1 {{(pid=95208) stat_writer /opt/stack/data/venv/lib/python3.12/site-packages/dbcounter.py:115}}
Oct 07 13:07:49.200405 np94adfdd788ed4 neutron-periodic-workers[95204]: DEBUG oslo.service.backend._threading.loopingcall [None req-f779ff76-b110-496f-800b-1116b78e2256 None None] Fixed interval looping call 'neutron.plugins.ml2.plugin.DhcpAgentSchedulerDbMixin.remove_networks_from_down_agents' sleeping for 36.99 seconds {{(pid=95204) _run_loop /opt/stack/data/venv/lib/python3.12/site-packages/oslo_service/backend/_threading/loopingcall.py:165}}
Oct 07 13:07:59.199513 np94adfdd788ed4 neutron-periodic-workers[95204]: DEBUG dbcounter [-] [95204] Writing DB stats neutron:SELECT=3 {{(pid=95204) stat_writer /opt/stack/data/venv/lib/python3.12/site-packages/dbcounter.py:115}}
Oct 07 13:08:07.193078 np94adfdd788ed4 neutron-periodic-workers[95208]: DEBUG neutron.db.agents_db [None req-73841cc4-2294-42b7-8b8e-eed393003138 None None] Agent healthcheck: found 1 active agents {{(pid=95208) agent_health_check /opt/stack/neutron/neutron/db/agents_db.py:317}}
Oct 07 13:08:07.193078 np94adfdd788ed4 neutron-periodic-workers[95208]: DEBUG oslo.service.backend._threading.loopingcall [None req-73841cc4-2294-42b7-8b8e-eed393003138 None None] Fixed interval looping call 'neutron.plugins.ml2.plugin.AgentDbMixin.agent_health_check' sleeping for 37.00 seconds {{(pid=95208) _run_loop /opt/stack/data/venv/lib/python3.12/site-packages/oslo_service/backend/_threading/loopingcall.py:165}}
Oct 07 13:08:17.191077 np94adfdd788ed4 neutron-periodic-workers[95208]: DEBUG dbcounter [-] [95208] Writing DB stats neutron:SELECT=1 {{(pid=95208) stat_writer /opt/stack/data/venv/lib/python3.12/site-packages/dbcounter.py:115}}
Oct 07 13:08:26.199426 np94adfdd788ed4 neutron-periodic-workers[95204]: DEBUG oslo.service.backend._threading.loopingcall [None req-f779ff76-b110-496f-800b-1116b78e2256 None None] Fixed interval looping call 'neutron.plugins.ml2.plugin.DhcpAgentSchedulerDbMixin.remove_networks_from_down_agents' sleeping for 36.99 seconds {{(pid=95204) _run_loop /opt/stack/data/venv/lib/python3.12/site-packages/oslo_service/backend/_threading/loopingcall.py:165}}
Oct 07 13:08:36.198650 np94adfdd788ed4 neutron-periodic-workers[95204]: DEBUG dbcounter [-] [95204] Writing DB stats neutron:SELECT=3 {{(pid=95204) stat_writer /opt/stack/data/venv/lib/python3.12/site-packages/dbcounter.py:115}}
Oct 07 13:08:44.198323 np94adfdd788ed4 neutron-periodic-workers[95208]: DEBUG neutron.db.agents_db [None req-73841cc4-2294-42b7-8b8e-eed393003138 None None] Agent healthcheck: found 1 active agents {{(pid=95208) agent_health_check /opt/stack/neutron/neutron/db/agents_db.py:317}}
Oct 07 13:08:44.198934 np94adfdd788ed4 neutron-periodic-workers[95208]: DEBUG oslo.service.backend._threading.loopingcall [None req-73841cc4-2294-42b7-8b8e-eed393003138 None None] Fixed interval looping call 'neutron.plugins.ml2.plugin.AgentDbMixin.agent_health_check' sleeping for 36.99 seconds {{(pid=95208) _run_loop /opt/stack/data/venv/lib/python3.12/site-packages/oslo_service/backend/_threading/loopingcall.py:165}}
Oct 07 13:08:52.241313 np94adfdd788ed4 neutron-periodic-workers[95210]: DEBUG oslo.service.backend._threading.loopingcall [None req-8d200d23-d888-4a0d-9135-568d237b2f2d None None] Fixed interval looping call 'neutron.db.quota.driver_nolock.DbQuotaNoLockDriver._remove_expired_reservations' sleeping for 119.99 seconds {{(pid=95210) _run_loop /opt/stack/data/venv/lib/python3.12/site-packages/oslo_service/backend/_threading/loopingcall.py:165}}
Oct 07 13:08:54.196163 np94adfdd788ed4 neutron-periodic-workers[95208]: DEBUG dbcounter [-] [95208] Writing DB stats neutron:SELECT=1 {{(pid=95208) stat_writer /opt/stack/data/venv/lib/python3.12/site-packages/dbcounter.py:115}}
Oct 07 13:09:02.238759 np94adfdd788ed4 neutron-periodic-workers[95210]: DEBUG dbcounter [-] [95210] Writing DB stats neutron:DELETE=1 {{(pid=95210) stat_writer /opt/stack/data/venv/lib/python3.12/site-packages/dbcounter.py:115}}
Oct 07 13:09:03.201719 np94adfdd788ed4 neutron-periodic-workers[95204]: DEBUG oslo.service.backend._threading.loopingcall [None req-f779ff76-b110-496f-800b-1116b78e2256 None None] Fixed interval looping call 'neutron.plugins.ml2.plugin.DhcpAgentSchedulerDbMixin.remove_networks_from_down_agents' sleeping for 36.99 seconds {{(pid=95204) _run_loop /opt/stack/data/venv/lib/python3.12/site-packages/oslo_service/backend/_threading/loopingcall.py:165}}
Oct 07 13:09:13.199864 np94adfdd788ed4 neutron-periodic-workers[95204]: DEBUG dbcounter [-] [95204] Writing DB stats neutron:SELECT=3 {{(pid=95204) stat_writer /opt/stack/data/venv/lib/python3.12/site-packages/dbcounter.py:115}}
Oct 07 13:09:21.194600 np94adfdd788ed4 neutron-periodic-workers[95208]: DEBUG neutron.db.agents_db [None req-73841cc4-2294-42b7-8b8e-eed393003138 None None] Agent healthcheck: found 1 active agents {{(pid=95208) agent_health_check /opt/stack/neutron/neutron/db/agents_db.py:317}}
Oct 07 13:09:21.195233 np94adfdd788ed4 neutron-periodic-workers[95208]: DEBUG oslo.service.backend._threading.loopingcall [None req-73841cc4-2294-42b7-8b8e-eed393003138 None None] Fixed interval looping call 'neutron.plugins.ml2.plugin.AgentDbMixin.agent_health_check' sleeping for 36.99 seconds {{(pid=95208) _run_loop /opt/stack/data/venv/lib/python3.12/site-packages/oslo_service/backend/_threading/loopingcall.py:165}}
Oct 07 13:09:31.192359 np94adfdd788ed4 neutron-periodic-workers[95208]: DEBUG dbcounter [-] [95208] Writing DB stats neutron:SELECT=1 {{(pid=95208) stat_writer /opt/stack/data/venv/lib/python3.12/site-packages/dbcounter.py:115}}
Oct 07 13:09:40.202627 np94adfdd788ed4 neutron-periodic-workers[95204]: DEBUG oslo.service.backend._threading.loopingcall [None req-f779ff76-b110-496f-800b-1116b78e2256 None None] Fixed interval looping call 'neutron.plugins.ml2.plugin.DhcpAgentSchedulerDbMixin.remove_networks_from_down_agents' sleeping for 36.99 seconds {{(pid=95204) _run_loop /opt/stack/data/venv/lib/python3.12/site-packages/oslo_service/backend/_threading/loopingcall.py:165}}
Oct 07 13:09:50.201285 np94adfdd788ed4 neutron-periodic-workers[95204]: DEBUG dbcounter [-] [95204] Writing DB stats neutron:SELECT=3 {{(pid=95204) stat_writer /opt/stack/data/venv/lib/python3.12/site-packages/dbcounter.py:115}}
Oct 07 13:09:58.189874 np94adfdd788ed4 neutron-periodic-workers[95208]: DEBUG neutron.db.agents_db [None req-73841cc4-2294-42b7-8b8e-eed393003138 None None] Agent healthcheck: found 1 active agents {{(pid=95208) agent_health_check /opt/stack/neutron/neutron/db/agents_db.py:317}}
